ase 14.
-1a
2 (base 7) to base 4
2
What is 65 (base 8) in base 7?
104
-12 (base 4) to base 5
-11
What is -207 (base 14) in base 5?
-3044
What is -20 (base 4) in base 5?
-13
Convert -10010001 (base 2) to base 4.
-2101
What is 2 (base 6) in base 12?
2
What is -11110 (base 3) in base 2?
-1111000
What is -5 (base 16) in base 2?
-101
Convert 3 (base 13) to base 9.
3
-147 (base 9) to base 8
-174
Convert 2 (base 13) to base 15.
2
What is -100 (base 2) in base 8?
-4
What is 3 (base 11) in base 12?
3
121 (base 8) to base 14
5b
-1043 (base 5) to base 7
-301
Convert 47 (base 10) to base 2.
101111
Convert 130 (base 15) to base 5.
2040
What is -6 (base 8) in base 6?
-10
What is -21 (base 4) in base 10?
-9
Convert 7e (base 16) to base 8.
176
Convert 4 (base 14) to base 3.
11
-10 (base 7) to base 10
-7
Convert 21 (base 5) to base 2.
1011
Convert 27 (base 9) to base 4.
121
What is 111111 (base 2) in base 15?
43
What is 2 (base 9) in base 6?
2
What is -1 (base 7) in base 11?
-1
1a (base 12) to base 7
31
-11 (base 8) to base 13
-9
What is 3 (base 8) in base 6?
3
150 (base 6) to base 2
1000010
0 (base 3) to base 6
0
185 (base 10) to base 13
113
Convert -4 (base 15) to base 6.
-4
6 (base 15) to base 16
6
Convert -1 (base 16) to base 11.
-1
What is 15 (base 7) in base 11?
11
What is 3 (base 16) in base 6?
3
98 (base 12) to base 5
431
What is 14 (base 8) in base 11?
11
-126 (base 7) to base 8
-105
What is 263 (base 11) in base 12?
21b
What is 11 (base 3) in base 4?
10
Convert 0 (base 11) to base 13.
0
What is -1 (base 6) in base 9?
-1
What is -102 (base 6) in base 10?
-38
Convert -27 (base 10) to base 3.
-1000
1100 (base 2) to base 9
13
Convert ca (base 13) to base 5.
1131
What is 1 (base 3) in base 4?
1
Convert 2 (base 14) to base 7.
2
121 (base 4) to base 5
100
What is -1 (base 11) in base 13?
-1
Convert -a9 (base 11) to base 15.
-7e
What is 2 (base 8) in base 4?
2
Convert -2 (base 9) to base 4.
-2
Convert -9 (base 10) to base 5.
-14
-4 (base 12) to base 9
-4
-48 (base 10) to base 5
-143
Convert 0 (base 9) to base 11.
0
What is 61 (base 8) in base 2?
110001
-2 (base 10) to base 15
-2
Convert -1 (base 15) to base 5.
-1
Convert -2 (base 9) to base 16.
-2
What is 11 (base 3) in base 11?
4
What is -275 (base 8) in base 6?
-513
What is 46 (base 12) in base 5?
204
What is -2 (base 15) in base 7?
-2
Convert 22 (base 9) to base 6.
32
What is 6 (base 9) in base 2?
110
Convert -173 (base 12) to base 10.
-231
-52 (base 8) to base 3
-1120
Convert -121 (base 5) to base 3.
-1100
Convert 3 (base 13) to base 16.
3
-f (base 16) to base 10
-15
-b1 (base 16) to base 7
-342
What is -5 (base 12) in base 8?
-5
11 (base 3) to base 12
4
-1 (base 11) to base 12
-1
What is -2 (base 13) in base 8?
-2
Convert 19 (base 15) to base 10.
24
What is 2 (base 7) in base 9?
2
-11 (base 2) to base 16
-3
Convert 25 (base 6) to base 2.
10001
Convert -3 (base 16) to base 4.
-3
Convert 240 (base 6) to base 5.
341
Convert -5 (base 10) to base 2.
-101
Convert 12 (base 14) to base 8.
20
What is 21201 (base 3) in base 9?
251
12122 (base 3) to base 9
178
11 (base 4) to base 12
5
28 (base 11) to base 8
36
Convert -133 (base 9) to base 5.
-421
-25 (base 10) to base 16
-19
26 (base 9) to base 13
1b
What is -1 (base 12) in base 15?
-1
-16 (base 13) to base 2
-10011
-3 (base 15) to base 14
-3
Convert 433 (base 7) to base 2.
11011100
What is -1 (base 9) in base 4?
-1
Convert -c (base 16) to base 4.
-30
What is -122 (base 7) in base 13?
-50
-3 (base 16) to base 9
-3
Convert 10 (base 12) to base 14.
c
Convert -1000 (base 2) to base 8.
-10
Convert 5 (base 15) to base 11.
5
-f (base 16) to base 6
-23
Convert -18 (base 9) to base 12.
-15
Convert -120 (base 5) to base 13.
-29
What is c (base 16) in base 13?
c
-1 (base 15) to base 3
-1
Convert 0 (base 3) to base 14.
0
7 (base 10) to base 15
7
Convert 3 (base 9) to base 7.
3
1 (base 14) to base 16
1
Convert 0 (base 7) to base 16.
0
-100 (base 2) to base 11
-4
What is 4 (base 5) in base 14?
4
-10011111 (base 2) to base 15
-a9
Convert -1 (base 9) to base 3.
-1
-20 (base 12) to base 11
-22
Convert -4 (base 7) to base 16.
-4
-57 (base 9) to base 6
-124
What is -15 (base 12) in base 10?
-17
Convert -7 (base 11) to base 5.
-12
What is -21 (base 5) in base 8?
-13
-1 (base 9) to base 12
-1
Convert -3 (base 6) to base 9.
-3
-4 (base 5) to base 12
-4
What is -12 (base 9) in base 13?
-b
What is -83 (base 12) in base 13?
-78
5 (base 6) to base 8
5
182 (base 9) to base 15
a5
-1b (base 15) to base 8
-32
What is -100101 (base 2) in base 8?
-45
-12 (base 13) to base 11
-14
Convert 0 (base 16) to base 12.
0
-302 (base 5) to base 8
-115
Convert -310 (base 9) to base 11.
-20a
Convert 6 (base 13) to base 11.
6
148 (base 12) to base 13
125
What is 1 (base 5) in base 7?
1
-32 (base 9) to base 13
-23
What is 110 (base 3) in base 7?
15
5 (base 12) to base 3
12
Convert 100110001 (base 2) to base 9.
368
What is -263 (base 7) in base 6?
-355
0 (base 3) to base 7
0
What is a1 (base 12) in base 2?
1111001
What is -2 (base 7) in base 3?
-2
Convert -22 (base 4) to base 3.
-101
Convert -59 (base 12) to base 5.
-234
Convert 11 (base 5) to base 12.
6
Convert -3 (base 13) to base 16.
-3
Convert -27 (base 8) to base 2.
-10111
Convert -15 (base 7) to base 11.
-11
Convert -10 (base 7) to base 6.
-11
-9 (base 10) to base 6
-13
Convert -5 (base 9) to base 5.
-10
-4 (base 11) to base 5
-4
Convert -74 (base 16) to base 4.
-1310
Convert -5 (base 10) to base 2.
-101
Convert -30 (base 4) to base 9.
-13
-2 (base 16) to base 5
-2
What is -1330 (base 5) in base 7?
-425
Convert a (base 16) to base 7.
13
Convert 12 (base 15) to base 2.
10001
What is 2 (base 3) in base 6?
2
Convert -34 (base 5) to base 16.
-13
Convert 119 (base 11) to base 5.
1031
Convert 1 (base 11) to base 9.
1
Convert -5 (base 11) to base 16.
-5
10 (base 3) to base 14
3
What is 19 (base 15) in base 11?
22
Convert 3 (base 15) to base 6.
3
What is -5c (base 15) in base 16?
-57
-37 (base 9) to base 2
-100010
What is -1 (base 5) in base 6?
-1
0 (base 12) to base 2
0
What is -1 (base 4) in base 16?
-1
What is -202 (base 3) in base 7?
-26
-11 (base 7) to base 5
-13
Convert 7 (base 14) to base 13.
7
Convert 2 (base 8) to base 5.
2
bc (base 14) to base 15
b1
Convert a (base 13) to base 9.
11
Convert c (base 15) to base 5.
22
What is -1 (base 15) in base 14?
-1
Convert 12 (base 13) to base 12.
13
Convert 0 (base 15) to base 3.
0
-d9 (base 14) to base 8
-277
Convert 99 (base 11) to base 4.
1230
What is -5 (base 16) in base 15?
-5
Convert 21 (base 12) to base 8.
31
What is 100 (base 2) in base 6?
4
What is 23 (base 7) in base 4?
101
1 (base 7) to base 3
1
Convert 23 (base 16) to base 6.
55
23 (base 4) to base 6
15
What is 1 (base 2) in base 7?
1
What is 1010010 (base 2) in base 13?
64
Convert 34 (base 13) to base 14.
31
Convert -10121 (base 3) to base 9.
-117
2 (base 11) to base 4
2
4 (base 13) to base 3
11
Convert -10001 (base 2) to base 5.
-32
What is -36 (base 13) in base 10?
-45
What is 33 (base 14) in base 3?
1200
What is -36 (base 8) in base 7?
-42
-31 (base 8) to base 7
-34
What is -15 (base 8) in base 7?
-16
11 (base 3) to base 5
4
Convert -2 (base 3) to base 4.
-2
Convert -10 (base 2) to base 7.
-2
2a (base 15) to base 9
44
Convert -34 (base 6) to base 16.
-16
What is 1121 (base 3) in base 14?
31
Convert 30 (base 4) to base 10.
12
12 (base 3) to base 7
5
-7 (base 15) to base 3
-21
-58 (base 13) to base 7
-133
What is -20 (base 5) in base 3?
-101
Convert -2211 (base 3) to base 13.
-5b
Convert -11 (base 15) to base 10.
-16
Convert 10 (base 14) to base 4.
32
Convert -4 (base 5) to base 11.
-4
12 (base 8) to base 14
a
Convert 1012 (base 3) to base 5.
112
-5 (base 13) to base 10
-5
What is -4 (base 9) in base 14?
-4
Convert -2 (base 10) to base 15.
-2
Convert 214 (base 5) to base 10.
59
Convert -1 (base 15) to base 16.
-1
-11 (base 14) to base 15
-10
What is 3 (base 10) in base 9?
3
118 (base 12) to base 5
1124
2 (base 9) to base 4
2
Convert 37 (base 12) to base 6.
111
-22 (base 16) to base 8
-42
113 (base 8) to base 6
203
What is 4 (base 11) in base 3?
11
-33 (base 14) to base 15
-30
What is -2 (base 7) in base 3?
-2
-10 (base 5) to base 10
-5
What is -4 (base 8) in base 2?
-100
a (base 14) to base 11
a
-a (base 16) to base 7
-13
-11 (base 11) to base 7